*b - 3 + 70*b. Suppose -4*v + 40 = 2*k, 0 = -6*v + 3*v - 9. Let d = k + -18. Determine m(d).
-1
Let n(u) = 39*u + 218. Let y(b) = -13*b - 73. Let w(q) = 2*n(q) + 7*y(q). Calculate w(-6).
3
Suppose -4 - 8 = -d + 2*p, -2*d = 2*p + 6. Let j(i) = -1 - i + i**d + 4*i - 2*i. Calculate j(1).
1
Let x(p) = -2*p + 3*p + p. Suppose -4*j - 4*h + 40 = 0, 4*h - 12 = 2*j - 2. Suppose -3 = 4*u - j*u. Determine x(u).
6
Let t(y) = 3*y**2 + y - 1. Let b(q) = -7*q**2 + q + 3. Let p(k) = b(k) + 3*t(k). Calculate p(-3).
6
Let h(f) = -f - 1. Let q(d) = -d**2 - 13*d - 34. Let a be q(-4). Suppose -2*g + 24 = g. Suppose -5*y + 3*i + 12 = 0, -y + a*y - 2*i - g = 0. What is h(y)?
-1
Suppose 0 = 4*m - 5 - 7. Let a(r) = -5*r + 4. Let h(k) = -9*k + 8. Let n(l) = m*h(l) - 7*a(l). Calculate n(3).
20
Let o = 53 - 48. Let s(t) = -10*t**3 + o - 4*t**2 + 9*t**3 - 5. Give s(-3).
-9
Suppose 2*l + 0 = 4. Let a be 0/(-2) + (-2)/(-2). Let d(c) = a - 4*c**l + 3*c**2 + 1 + 7*c. What is d(6)?
8
Let a(w) = 5*w - 1. Let y be 4/((-4)/(-8 + 12)). What is a(y)?
-21
Suppose -25*x + 79 = -46. Let w(k) = k**3 - 6*k**2 + 7*k. Calculate w(x).
10
Let x(h) be the first derivative of 2*h**2 - 1/3*h**3 + h - 10. Give x(2).
5
Let k be (-78)/18 - (1 - 3/9). Let s(f) = -f**3 - 5*f**2 + 4*f + 3. Give s(k).
-17
Suppose 2*c - 15 = -5*z - 16, -3*c + 2*z + 27 = 0. Let a(k) be the second derivative of k**3/6 + 3*k**2/2 - k. Give a(c).
10
Let a(q) = -3*q - 2. Let h(j) = -j**2 + 34*j - 22. Let v(u) = 5*a(u) + h(u). Give v(17).
2
Let n(j) = j. Let o(u) be the second derivative of u**5/20 + 5*u**4/12 + 5*u**2/2 + 2*u. Let v(h) = -4*n(h) - o(h). Let k be -1 + (-1*12)/4. Calculate v(k).
-5
Let i be 18/27*(-6)/(-4). Let r(a) = -18*a + 1. What is r(i)?
-17
Let a be (-3 - (-19)/3)*96/(-40). Let f(u) = u**2 + 7*u - 13. Let y be f(a). Let n(i) = i**3 + 5*i**2 - 6. Calculate n(y).
-6
Let z(c) = -c**2 - 2*c. Let w be (-3)/(7 + (-125)/20). What is z(w)?
-8
Let u(q) = -3*q**3 - 21*q**2 + 6*q + 16. Let b(r) = r**3 + 10*r**2 - 3*r - 8. Let y(x) = 5*b(x) + 2*u(x). Calculate y(7).
20
Let h(y) = -20*y + 12 - 20 - 28. Let r(x) = 7*x + 12. Suppose 18 = -3*w - 3*j, -6*w + w - j - 30 = 0. Let z(f) = w*h(f) - 17*r(f). Give z(-7).
5
Let z(v) = -v - 9. Let g be z(-10). Let o(s) = s**3 + 7 - 8*s**2 + 9*s + g - 3*s. Calculate o(7).
1
Suppose 0 = 8*f - 45 - 155. Let p(m) = -3 + 26*m - 1 - f*m - 1. Determine p(6).
1
Let h = -900 - -883. Let i(y) = -6*y - 105. Determine i(h).
-3
Let g be 25/2*20/(-50). Let v(o) = -o**3 - 6*o**2 - 2*o + 8. Calculate v(g).
-7
Suppose 0 = -9*m + 5*m - 3*w + 1, m - 5*w - 6 = 0. Let q(r) = -36*r + 1. What is q(m)?
-35
Let f(p) = -7*p + 1 + 2*p + p + p + 2*p**2. Let h = 4 - -14. Let s = h - 15. Give f(s).
10
Let z(y) = -y**2 - 3*y - 2. Let n be -1 + 6/9 - 798/(-18). Let m = n + -48. Calculate z(m).
-6
Let f(t) = 7*t**2 + 9*t + 6. Let q(d) = -20*d**2 - 27*d - 18. Let j(m) = 17*f(m) + 6*q(m). What is j(-5)?
14
Let j = 1 - -1. Let t(o) = -1 + j + o + 1. Suppose -4*h = -26*h - 9*h. What is t(h)?
2
Let c(b) = 29*b + 5. Let f(i) = 22*i + 4. Let p(r) = -3*c(r) + 4*f(r). Give p(-7).
-6
Let b(m) = -m**3 - 3*m**2 - 2*m - 3. Suppose 3*j + 2*j = 0. Suppose 5*w - 25 = 2*a, 17 = 4*w - 2*a - 5. Suppose -3*o - 3 - w = j. Determine b(o).
-3
Let s(u) = u**3 - u**2 - u. Let y(r) = -2*r**3 + 4*r**2 + 3*r + 2. Let b(c) = -5*s(c) - y(c). What is b(1)?
-2
Let y be ((-6)/(-5))/(12/(-20) - -1). Let l(f) = f**3 - 7*f**2 - 7*f - 6. Let r be l(8). Let c(a) = 3*a + 0 - 3 + a**3 - 1 - 4*a**2 + r. Calculate c(y).
-2
Let r(o) = -o**2 + 10*o - 14. Let w be r(6). Suppose -6*g - 44 = w. Let h(j) = -j**2 - 9*j - 4. Determine h(g).
-4
Let f(l) be the second derivative of -11*l**4/2 + 297*l. Calculate f(1).
-66
Let c(m) be the second derivative of -7*m**4/6 - m**3/6 - m**2 - 15*m - 23. Give c(-1).
-15
Let l(g) = -g**2 + 2*g + 6. Suppose 11*d = -4*d - 45. Calculate l(d).
-9
Let s(y) be the second derivative of y**4/24 - y**3/2 + 5*y**2 - 3*y. Let d(u) be the first derivative of s(u). What is d(4)?
1
Let h(n) = n**2 - 29*n + 68. Let l be h(3). Let w(j) = -j**3 - 11*j**2 - 11*j - 1. Calculate w(l).
9
Let u(h) = 2*h + 20. Let k be (-1)/((-30)/(-28) - 1). Let b be u(k). Let s be (b/(-6))/(5/15). Let t(l) = -l - 2. Calculate t(s).
-6
Let i(v) = v**2 + 4*v + 3. Let m = 17 + -9. Suppose m*d + 11 = -21. Calculate i(d).
3
Let l(m) be the second derivative of -3/2*m**2 + 0 - 7/6*m**3 - 1/20*m**5 + 10*m - 7/12*m**4. Give l(-6).
3
Let i(x) be the second derivative of 0 + 7*x + 1/2*x**2 + 3/2*x**3. What is i(2)?
19
Let n be (12/(-20))/((-21)/140). Let t(f) = -3*f + 7. Let h(u) = 2*u - 5. Let y(l) = -7*h(l) - 5*t(l). Determine y(n).
4
Suppose 7*b - 77 = 3*b - k, 3*k = b - 3. Let o(j) = -3*j**3 - 1 + 14*j + 4*j - j**2 - b*j. Calculate o(-2).
19
Let m(f) = f**2 - f. Suppose b - 1 = s, 5*b - 2*b - 7 = 4*s. Let y be (s - (-1 + -2)) + (3 - 0). What is m(y)?
2
Let p(h) = 20*h - 76. Let d(v) = -7*v + 26. Let y(a) = -17*d(a) - 6*p(a). Calculate y(9).
5
Let j(m) be the second derivative of -1/2*m**2 + 3/2*m**3 + 34*m + 0. What is j(1)?
8
Let p(r) = 2*r**3 + 18*r**2 + 10*r - 27. Let t(n) = 5*n**3 + 54*n**2 + 27*n - 78. Let c(l) = 8*p(l) - 3*t(l). Determine c(18).
0
Let w(f) = -17*f - 9. Let c(o) = -37*o - 18. Let b(l) = 6*c(l) - 13*w(l). What is b(11)?
-2
Let l(j) = -19*j. Let n(a) = 23*a + 1. Let u(o) = 5*l(o) + 4*n(o). Suppose -4*d + 9 = b, b + 6 = 3*d - 6. What is u(d)?
-5
Suppose 0 = -4*p + 4*c - 12, 4*c = 2*p + p + 13. Let b(h) = -2*h - 2*h - p + 0*h - 6*h. Suppose -l - 23 = -4*l - 5*a, 9 = l + 2*a. Give b(l).
-11
Let z(x) = x**2 + 9*x - 7. Let d(l) = 3*l**2 + 27*l - 22. Let u(o) = -6*d(o) + 17*z(o). Calculate u(-10).
3
Let j = -49 - -51. Let i be j/(-4)*(6 - 6). Let r(a) = a**2 - a + 5. What is r(i)?
5
Suppose -12 = 4*p - 5*n, -4*p + 4*n + 4 = 12. Suppose -s = -p*s - 2. Let m(i) = 5*i**2 + 4*i + 2. Calculate m(s).
14
Let q(h) = h**2 - 17*h - 7. Let r be q(18). Let t(f) = f**2 + 2*f - 2. Let y(z) = 2*z**2 + 4*z - 4. Let w(g) = r*t(g) - 6*y(g). What is w(-5)?
-13
Let n(c) = -c**3 - c - 20. Let a(u) = 0*u**3 + 17*u**2 + u**3 - 2 - 17*u**2 - 5*u. Let g be a(-2). Calculate n(g).
-20
Suppose 0 = 13*z - 14*z - 34. Let b = -23 - z. Let p(v) = -v + 15. Give p(b).
4
Suppose 0 = -2*q - 4200 + 4204. Let x(t) be the third derivative of -7/12*t**4 + 0 + 4*t**q + 0*t + 0*t**3. Determine x(-1).
14
Let c(m) be the first derivative of -2*m**3/3 + 7*m**2 + 6*m + 715. Determine c(9).
-30
Suppose -5 = -s + 4*g, 54 = 4*s - 4*g + 58. Let w(f) = 6*f**2 + 3*f - 5. What is w(s)?
40
Let k(u) = -2*u**2 + 4*u - 2. Suppose b - 302 = 5*p, 310 = -4*p - p + 5*b. Let r = 62 + p. Calculate k(r).
-2
Let a(c) = -c**3 + 7*c**2 + 2*c - 8. Suppose 35 = -524*q + 529*q. Determine a(q).
6
Let a = 172 - 103. Suppose 72*r = a*r + 15. Let o(b) = b**2 - 4*b - 5. Determine o(r).
0
Let h(k) be the first derivative of -k**4/24 - 13*k**3/6 + 25*k**2/2 + 1. Let f(c) be the second derivative of h(c). Calculate f(-11).
-2
Let z(r) = 3*r**2 - 12*r + 7. Let a = 6 - 14. Let p(k) = -5*k**2 + 18*k - 10. Let h(d) = a*z(d) - 5*p(d). Calculate h(-6).
-6
Let r(o) = 27*o**3 - 7 - 14*o**3 - 9*o - 14*o**3 - 4*o**2 - 4*o**2. Determine r(-7).
7
Suppose 15 = p - 33. Let b = p + -17. Let g = b - 32. Let f(d) = -3*d**3 + d**2. Give f(g).
4
Let b(t) be the third derivative of t**5/60 + t**4/8 - t**3/3 - 22*t**2. Let f = -20 + 15. Determine b(f).
8
Let s(p) = -22*p - 19*p - p**2 + 65*p + 2 - 25*p. Let a(w) = 2*w - 4. Suppose -6 = n - 3*n. Let h be a(n). Determine s(h).
-4
Let x be (2/(-4))/((-4)/(-48)*-3). Suppose h + 4 = -x*y - 1, 2*y + 3*h = 5. Let q(l) = -3*l + 6. Give q(y).
21
Let t(d) = -d**3 + 2*d**2 - d + 4. Let o(x) = 11*x + 55. Let s be o(-5). Determine t(s).
4
Let v(h) = -4*h**2 - 4*h + 2. Let d(r) = -3*r**2 - 3*r + 1. Let z(s) = -5*d(s) + 4*v(s). Give z(-3).
-3
Let a(y) be the third derivative of 1/2*y**3 + 1/60*y**5 + 11*y**2 + 0 + 0*y + 1/12*y**4. Determine a(-3).
6
Let u(t) be the second derivative of -7*t**5/20 - 3*t**4/4 - t**3/6 - t**2/2 - 12*t. Let b(z) = -6*z**3 - 8*z**2. Let n(h) = 6*b(h) - 5*u(h). What is n(-4)?
1
Let x(w) = 62*w - 29*w - 4*w - 30*w - 8*w**2. Suppose -3*b = -b + 2. Give x(b).
-7
Let y(z) = z**2 - 10*z - 4. Suppose 37*n + 124 = 346. Give y(n).
-28
Let g(c) = -2*c**2 - 10*c + 9. Let w be (35 - 39)*35/